ber?
True
Is 6505349209 a prime number?
False
Is 1711757301 composite?
True
Is 1911975929 a composite number?
True
Is 12682597 composite?
False
Is 2732731427 prime?
False
Is 85948859 composite?
False
Is 147844435 composite?
True
Is 80461286153 composite?
True
Is 8623084927 a composite number?
True
Is 33706671881 prime?
True
Is 629160529 a prime number?
False
Is 155570549 composite?
True
Is 1271296027 composite?
True
Is 111551125619 prime?
False
Is 183128856787 composite?
True
Is 16071601951 a prime number?
False
Is 238681766851 a composite number?
True
Is 7104762733 composite?
True
Is 2944503623 a prime number?
False
Is 26753279467 prime?
True
Is 2324059279 prime?
False
Is 385186899 a prime number?
False
Is 105932539389 prime?
False
Is 215541133 a composite number?
False
Is 17185454873 a prime number?
False
Is 160582115867 a prime number?
True
Is 42135434603 a prime number?
True
Is 5539183781 composite?
False
Is 118369954607 a composite number?
False
Is 2415852893 prime?
True
Is 1472281067 a composite number?
True
Is 331402751 a composite number?
True
Is 7436108987 a prime number?
True
Is 1175052187 a composite number?
False
Is 526372849 composite?
False
Is 307165471 a prime number?
True
Is 489332317 composite?
True
Is 43000627 composite?
True
Is 2864567089 a prime number?
True
Is 820114033 composite?
False
Is 29032444823 composite?
True
Is 1367156431 composite?
False
Is 2137844479 prime?
True
Is 7170760019 a prime number?
True
Is 48925103831 a composite number?
False
Is 42890410063 composite?
True
Is 1184839921 a prime number?
False
Is 14065035163 composite?
True
Is 202766659543 a composite number?
True
Is 2415668249 a prime number?
True
Is 852098441 a composite number?
False
Is 199610065099 prime?
True
Is 29980149061 prime?
True
Is 27786356567 composite?
False
Is 13010793779 composite?
True
Is 143465113079 a prime number?
False
Is 55637606789 composite?
False
Is 1165555477 a composite number?
False
Is 27302307041 prime?
False
Is 2298863971 a prime number?
True
Is 2752266191 a prime number?
False
Is 3149192561 composite?
False
Is 4700676259 composite?
False
Is 519572407 prime?
True
Is 3839859329 composite?
True
Is 1411633621 a prime number?
True
Is 598576383937 a composite number?
True
Is 1754576357 composite?
True
Is 233885311 composite?
True
Is 119137283 a composite number?
False
Is 1473743657 a prime number?
False
Is 257142765769 a composite number?
False
Is 486969977 composite?
True
Is 4973486651 a prime number?
False
Is 643318023 prime?
False
Is 1325408657 prime?
False
Is 2593529101 composite?
False
Is 1376183621 a composite number?
True
Is 690191531 a composite number?
False
Is 31207787423 prime?
False
Is 5872079 a composite number?
False
Is 6289502777 prime?
True
Is 1558038799 a composite number?
False
Is 26018304343 prime?
True
Is 115421921 prime?
True
Is 129075722 composite?
True
Is 40163375293 a prime number?
True
Is 7695066695 a prime number?
False
Is 15172801717 composite?
False
Is 2949311681 composite?
False
Is 10736884357 a prime number?
False
Is 222519593459 a prime number?
False
Is 167464590229 prime?
True
Is 1419147019 prime?
False
Is 82560427357 a composite number?
False
Is 930716041 composite?
False
Is 4617541921 a composite number?
True
Is 2163931131 composite?
True
Is 262967147 composite?
False
Is 2159062161 a prime number?
False
Is 1552030423 composite?
False
Is 83137969 a composite number?
False
Is 10060219513 prime?
False
Is 16447575451 composite?
False
Is 1609565611 a prime number?
True
Is 37033042151 prime?
False
Is 2201587549 prime?
False
Is 37648097933 prime?
False
Is 2769266855 a composite number?
True
Is 314321422279 prime?
False
Is 1285393937 a composite number?
True
Is 922538698 prime?
False
Is 2151874463 composite?
True
Is 9337902109 a prime number?
False
Is 482330609 a composite number?
False
Is 117062809 a composite number?
False
Is 52933339 prime?
False
Is 10043321 a composite number?
False
Is 9045659449 a prime number?
True
Is 5566149643 prime?
True
Is 28405497139 composite?
False
Is 74822708953 a prime number?
False
Is 103507012757 composite?
False
Is 89949751 composite?
False
Is 429659317 composite?
False
Is 1796220253 a composite number?
False
Is 10681244969 composite?
True
Is 306061381 composite?
False
Is 4414346009 a prime number?
True
Is 2008959047 a composite number?
False
Is 22910942519 a prime number?
False
Is 1597341737 a prime number?
True
Is 2157383939 a composite number?
False
Is 51701127169 prime?
False
Is 53207391671 a prime number?
False
Is 3375754483 composite?
True
Is 3289988519 prime?
True
Is 59545443587 a prime number?
False
Is 170326381 a composite number?
True
Is 139540313807 a composite number?
False
Is 462158029 a composite number?
False
Is 323241799 composite?
False
Is 16184134957 a prime number?
False
Is 5144546653 a composite number?
True
Is 3554600457 composite?
True
Is 634311127 prime?
False
Is 52984664641 a prime number?
False
Is 4951674727 prime?
False
Is 4905377251 a composite number?
True
Is 87451219 a composite number?
True
Is 2607263537 prime?
False
Is 16676057533 a composite number?
False
Is 5570845519 prime?
False
Is 332711099 composite?
True
Is 8058191509 a prime number?
False
Is 61460019377 a prime number?
False
Is 7006774802 composite?
True
Is 1199165677 a composite number?
True
Is 275588881 a composite number?
False
Is 16282174295 composite?
True
Is 17098622347 a composite number?
True
Is 205717301 a prime number?
True
Is 377026571 a composite number?
False
Is 993268229 a composite number?
True
Is 128543861 a composite number?
False
Is 30951571 a prime number?
False
Is 51697876847 a composite number?
True
Is 210868127 a composite number?
True
Is 863232043 a prime number?
False
Is 14092923763 prime?
False
Is 22356064093 a composite number?
True
Is 23616400777 a prime number?
True
Is 391860011 composite?
True
Is 5887756087 a composite number?
True
Is 1116907411 composite?
True
Is 144993035387 prime?
True
Is 31305375617 a composite number?
True
Is 2399875787 a composite number?
False
Is 24253117885 prime?
False
Is 2114119979 prime?
True
Is 1963832341 prime?
False
Is 3611811899 a prime number?
False
Is 25007615839 a prime number?
False
Is 525662591 a composite number?
False
Is 3422894 composite?
True
Is 2640584797 a prime number?
False
Is 6135943681 prime?
False
Is 23609232389 a composite number?
True
Is 4979491711 a prime number?
True
Is 6193028063 a prime number?
True
Is 6534309517 a composite number?
True
Is 111440441 a prime number?
False
Is 495209909 a composite number?
False
Is 12213956389 composite?
False
Is 28480272241 a prime number?
False
Is 2161305041 prime?
False
Is 29116147 a prime number?
False
Is 423813585433 a composite number?
True
Is 9435014122 composite?
True
Is 3885784391 a composite number?
False
Is 1407194003 composite?
False
Is 424336109 a composite number?
False
Is 29151911743 a prime number?
False
Is 954505807 prime?
False
Is 310113467 composite?
False
Is 3897521365 prime?
False
Is 4817716079 prime?
False
Is 102716356499 composite?
True
Is 32774303 a prime number?
True
Is 556355453 a prime number?
True
Is 7968652091 a prime number?
True
Is 12580994497 a prime number?
True
Is 46831802 prime?
False
Is 231862973 a prime number?
False
Is 202594947883 a prime number?
True
Is 40043926193 a composite number?
False
Is 5596571371 prime?
False
Is 274780453 composite?
False
Is 2212252331 prime?
False
Is 15464853083 a composite number?
True
Is 6334467407 a composite number?
False
Is 59743210289 composite?
True
Is 35376966151 prime?
True
Is 230098567 prime?
False
Is 14265217 a prime number?
False
Is 41833944793 composite?
True
Is 16917174749 composite?
False
Is 78277848703 composite?
False
Is 349248553 composite?
True
Is 622190213 composite?
False
Is 41599549307 composite?
False
Is 7873440011 a composite number?
False
Is 1524585169 composite?
True
Is 936910589 a prime number?
False
Is 719305441 prime?
False
Is 6384991687 composite?
False
Is 5921640843 a composite number?
True
Is 2569583657 a composite number?
True
Is 876730763 prime?
False
Is 470965709 composite?
True
Is 2478224243 prime?
False
Is 3112706605 prime?
False
Is 1300322123 composite?
False
Is 86900036743 composite?
True
Is 2133311 composite?
False
Is 84135190547 a composite number?
False
Is 